{"id":5305,"date":"2025-07-17T08:47:16","date_gmt":"2025-07-17T06:47:16","guid":{"rendered":"https:\/\/fdp-porta.de\/FDP\/?page_id=5305"},"modified":"2025-07-21T15:26:00","modified_gmt":"2025-07-21T13:26:00","slug":"kommunalwahl-wahlbezirk-7","status":"publish","type":"page","link":"https:\/\/fdp-porta.de\/FDP\/kommunalwahl-wahlbezirk-7\/","title":{"rendered":"Martin Bierwirth"},"content":{"rendered":"\n<h3 class=\"wp-block-heading has-text-align-center\"><strong>Ihr FDP-Kandidat f\u00fcr Wahlbezirk 7 \u2013 W\u00fclpke, Kleinenbremen-West<\/strong>\u202f<\/h3>\n\n\n\n<p class=\"has-text-align-center\"><strong>F\u00fcr starke Ortsteile. F\u00fcr ein lebenswertes Dorfleben. F\u00fcr ehrliche Politik.<\/strong>&nbsp;<\/p>\n\n\n<div class=\"wp-block-image\">\n<figure class=\"aligncenter size-large is-resized\"><a href=\"https:\/\/fdp-porta.de\/FDP\/wp-content\/uploads\/2025\/07\/Bild_Martin.jpg\"><img loading=\"lazy\" decoding=\"async\" width=\"683\" height=\"1024\" src=\"https:\/\/fdp-porta.de\/FDP\/wp-content\/uploads\/2025\/07\/Bild_Martin-683x1024.jpg\" alt=\"\" class=\"wp-image-5423\" style=\"width:446px;height:auto\" srcset=\"https:\/\/fdp-porta.de\/FDP\/wp-content\/uploads\/2025\/07\/Bild_Martin-683x1024.jpg 683w, https:\/\/fdp-porta.de\/FDP\/wp-content\/uploads\/2025\/07\/Bild_Martin-200x300.jpg 200w, https:\/\/fdp-porta.de\/FDP\/wp-content\/uploads\/2025\/07\/Bild_Martin-768x1152.jpg 768w, https:\/\/fdp-porta.de\/FDP\/wp-content\/uploads\/2025\/07\/Bild_Martin-1024x1536.jpg 1024w, https:\/\/fdp-porta.de\/FDP\/wp-content\/uploads\/2025\/07\/Bild_Martin.jpg 1365w\" sizes=\"auto, (max-width: 683px) 100vw, 683px\" \/><\/a><\/figure>\n<\/div>\n\n\n<p>Martin Bierwirth ist in Kleinenbremen geboren, aufgewachsen \u2013 und geblieben. Der 43-J\u00e4hrige ist verheiratet, Vater zweier Kinder im Kindergartenalter und beruflich als Hauptabteilungsleiter bei der EDEKA Minden-Hannover t\u00e4tig. Seit 2009 engagiert er sich in der FDP, war viele Jahre Vorsitzender des Stadtverbandes und kennt Porta Westfalica \u2013 insbesondere die Ortsteile W\u00fclpke und Kleinenbremen \u2013 wie seine Westentasche.&nbsp;<\/p>\n\n\n\n<p>Sein Ziel: Unsere l\u00e4ndlichen Ortsteile im Wettbewerb mit dem benachbarten Niedersachsen attraktiv und lebenswert erhalten. F\u00fcr ihn bedeutet das: niedrige Steuern und Geb\u00fchren, eine funktionierende Infrastruktur, bezahlbare Kindergartenpl\u00e4tze, ein gutes Grundschulangebot mit Nachmittagsbetreuung, fl\u00e4chendeckendes Internet \u2013 und vor allem die St\u00e4rkung des Ehrenamts und des Vereinslebens, das unsere D\u00f6rfer lebendig macht.&nbsp;<\/p>\n\n\n\n<p>Martin Bierwirth steht f\u00fcr pragmatische L\u00f6sungen, klare Haltung und echtes Interesse an den Anliegen der B\u00fcrgerinnen und B\u00fcrger. Sein Blick ist gesch\u00e4rft durch Beruf, Familie und langj\u00e4hrige politische Erfahrung \u2013 und seine \u00dcberzeugung: Politik muss erreichbar, verst\u00e4ndlich und verl\u00e4sslich sein.&nbsp;<\/p>\n\n\n\n<p class=\"has-text-align-center\"><strong>Sie m\u00f6chten mit Martin Bierwirth ins Gespr\u00e4ch kommen?<\/strong>&nbsp;<br>Gerne per E-Mail an <a href=\"mailto:bierwirth@fdp-porta.de\">bierwirth@fdp-porta.de<\/a><\/p>\n\n\n\n<p><\/p>\n","protected":false},"excerpt":{"rendered":"<p>Ihr FDP-Kandidat f\u00fcr Wahlbezirk 7 \u2013 W\u00fclpke, Kleinenbremen-West\u202f F\u00fcr starke Ortsteile. F\u00fcr ein lebenswertes Dorfleben. F\u00fcr ehrliche Politik.&nbsp; Martin Bierwirth ist in Kleinenbremen geboren, aufgewachsen \u2013 und geblieben. Der 43-J\u00e4hrige ist verheiratet, Vater zweier Kinder im Kindergartenalter und beruflich als Hauptabteilungsleiter bei der EDEKA Minden-Hannover t\u00e4tig. Seit 2009 engagiert er sich in der FDP, war [&hellip;]<\/p>\n","protected":false},"author":5,"featured_media":0,"parent":0,"menu_order":0,"comment_status":"closed","ping_status":"closed","template":"","meta":{"footnotes":""},"class_list":["post-5305","page","type-page","status-publish","hentry"],"featured_image_src":null,"_links":{"self":[{"href":"https:\/\/fdp-porta.de\/FDP\/wp-json\/wp\/v2\/pages\/5305","targetHints":{"allow":["GET"]}}],"collection":[{"href":"https:\/\/fdp-porta.de\/FDP\/wp-json\/wp\/v2\/pages"}],"about":[{"href":"https:\/\/fdp-porta.de\/FDP\/wp-json\/wp\/v2\/types\/page"}],"author":[{"embeddable":true,"href":"https:\/\/fdp-porta.de\/FDP\/wp-json\/wp\/v2\/users\/5"}],"replies":[{"embeddable":true,"href":"https:\/\/fdp-porta.de\/FDP\/wp-json\/wp\/v2\/comments?post=5305"}],"version-history":[{"count":2,"href":"https:\/\/fdp-porta.de\/FDP\/wp-json\/wp\/v2\/pages\/5305\/revisions"}],"predecessor-version":[{"id":5433,"href":"https:\/\/fdp-porta.de\/FDP\/wp-json\/wp\/v2\/pages\/5305\/revisions\/5433"}],"wp:attachment":[{"href":"https:\/\/fdp-porta.de\/FDP\/wp-json\/wp\/v2\/media?parent=5305"}],"curies":[{"name":"wp","href":"https:\/\/api.w.org\/{rel}","templated":true}]}}