{"id":5293,"date":"2025-07-16T12:53:46","date_gmt":"2025-07-16T10:53:46","guid":{"rendered":"https:\/\/fdp-porta.de\/FDP\/?page_id=5293"},"modified":"2025-07-17T08:40:29","modified_gmt":"2025-07-17T06:40:29","slug":"kommunalwahl-wahlbezirk-6","status":"publish","type":"page","link":"https:\/\/fdp-porta.de\/FDP\/kommunalwahl-wahlbezirk-6\/","title":{"rendered":"Andreas J\u00fcrgen Pape"},"content":{"rendered":"\n<h3 class=\"wp-block-heading has-text-align-center\"><strong>Ihr FDP-Kandidat f\u00fcr Wahlbezirk 6 \u2013 Nammen<\/strong><\/h3>\n\n\n\n<p class=\"has-text-align-center\"><strong>Verwurzelt in Porta. Engagiert f\u00fcr die Gemeinschaft.<\/strong><\/p>\n\n\n<div class=\"wp-block-image\">\n<figure class=\"aligncenter size-large is-resized\"><a href=\"https:\/\/fdp-porta.de\/FDP\/wp-content\/uploads\/2025\/07\/Bild_Andreas.jpg\"><img loading=\"lazy\" decoding=\"async\" width=\"683\" height=\"1024\" src=\"https:\/\/fdp-porta.de\/FDP\/wp-content\/uploads\/2025\/07\/Bild_Andreas-683x1024.jpg\" alt=\"\" class=\"wp-image-5294\" style=\"width:460px;height:auto\" srcset=\"https:\/\/fdp-porta.de\/FDP\/wp-content\/uploads\/2025\/07\/Bild_Andreas-683x1024.jpg 683w, https:\/\/fdp-porta.de\/FDP\/wp-content\/uploads\/2025\/07\/Bild_Andreas-200x300.jpg 200w, https:\/\/fdp-porta.de\/FDP\/wp-content\/uploads\/2025\/07\/Bild_Andreas-768x1152.jpg 768w, https:\/\/fdp-porta.de\/FDP\/wp-content\/uploads\/2025\/07\/Bild_Andreas-1024x1536.jpg 1024w, https:\/\/fdp-porta.de\/FDP\/wp-content\/uploads\/2025\/07\/Bild_Andreas.jpg 1365w\" sizes=\"auto, (max-width: 683px) 100vw, 683px\" \/><\/a><\/figure>\n<\/div>\n\n\n<p>Andreas J\u00fcrgen Pape ist in Kleinenbremen aufgewachsen und lebt heute mit seiner Frau in Hausberge. Als Rechtsanwalt bringt er juristisches Fachwissen, analytisches Denken und ein klares Gesp\u00fcr f\u00fcr Verantwortung mit in die Kommunalpolitik.&nbsp;<\/p>\n\n\n\n<p>Bereits in seiner fr\u00fcheren Ratsarbeit \u2013 unter anderem im Ausschuss f\u00fcr Bildung, Soziales, Kultur und Sport \u2013 konnte er wertvolle Einblicke und politische Erfahrungen sammeln. Dabei wurde deutlich: Wer gestalten will, muss zuh\u00f6ren, Verh\u00e4ltnisse verstehen und konkrete L\u00f6sungen entwickeln. Genau das ist sein Anspruch.&nbsp;<\/p>\n\n\n\n<p>Andreas J\u00fcrgen Pape steht f\u00fcr eine pragmatische, sachorientierte Kommunalpolitik, die das Ganze im Blick hat \u2013 und die Menschen in Nammen, Kleinenbremen und dar\u00fcber hinaus mitnimmt.&nbsp;<\/p>\n\n\n\n<p class=\"has-text-align-center\"><strong>Sie m\u00f6chten mit Andreas J\u00fcrgen Pape ins Gespr\u00e4ch kommen?<\/strong>&nbsp;<br>Gerne per E-Mail an <a href=\"mailto:a.pape@fdp-porta.de\">a.pape@fdp-porta.de<\/a><\/p>\n","protected":false},"excerpt":{"rendered":"<p>Ihr FDP-Kandidat f\u00fcr Wahlbezirk 6 \u2013 Nammen Verwurzelt in Porta. Engagiert f\u00fcr die Gemeinschaft. Andreas J\u00fcrgen Pape ist in Kleinenbremen aufgewachsen und lebt heute mit seiner Frau in Hausberge. Als Rechtsanwalt bringt er juristisches Fachwissen, analytisches Denken und ein klares Gesp\u00fcr f\u00fcr Verantwortung mit in die Kommunalpolitik.&nbsp; Bereits in seiner fr\u00fcheren Ratsarbeit \u2013 unter anderem [&hellip;]<\/p>\n","protected":false},"author":5,"featured_media":0,"parent":0,"menu_order":0,"comment_status":"closed","ping_status":"closed","template":"","meta":{"footnotes":""},"class_list":["post-5293","page","type-page","status-publish","hentry"],"featured_image_src":null,"_links":{"self":[{"href":"https:\/\/fdp-porta.de\/FDP\/wp-json\/wp\/v2\/pages\/5293","targetHints":{"allow":["GET"]}}],"collection":[{"href":"https:\/\/fdp-porta.de\/FDP\/wp-json\/wp\/v2\/pages"}],"about":[{"href":"https:\/\/fdp-porta.de\/FDP\/wp-json\/wp\/v2\/types\/page"}],"author":[{"embeddable":true,"href":"https:\/\/fdp-porta.de\/FDP\/wp-json\/wp\/v2\/users\/5"}],"replies":[{"embeddable":true,"href":"https:\/\/fdp-porta.de\/FDP\/wp-json\/wp\/v2\/comments?post=5293"}],"version-history":[{"count":2,"href":"https:\/\/fdp-porta.de\/FDP\/wp-json\/wp\/v2\/pages\/5293\/revisions"}],"predecessor-version":[{"id":5300,"href":"https:\/\/fdp-porta.de\/FDP\/wp-json\/wp\/v2\/pages\/5293\/revisions\/5300"}],"wp:attachment":[{"href":"https:\/\/fdp-porta.de\/FDP\/wp-json\/wp\/v2\/media?parent=5293"}],"curies":[{"name":"wp","href":"https:\/\/api.w.org\/{rel}","templated":true}]}}