{"id":5057,"date":"2025-02-26T11:36:57","date_gmt":"2025-02-26T10:36:57","guid":{"rendered":"https:\/\/fdp-porta.de\/FDP\/?page_id=5057"},"modified":"2025-02-26T14:14:17","modified_gmt":"2025-02-26T13:14:17","slug":"petition","status":"publish","type":"page","link":"https:\/\/fdp-porta.de\/FDP\/petition\/","title":{"rendered":"Petition"},"content":{"rendered":"\n<p>Auf Initiative des FDP Stadtverband Porta Westfalica und seiner Unterst\u00fctzer, wird folgende Petition ins Leben gerufen:<\/p>\n\n\n\n<p>Erhalten und sch\u00fctzen Sie mit uns gemeinsam die Wanderwege von Porta Westfalica&nbsp;<img decoding=\"async\" alt=\"&#x1f332;\" src=\"https:\/\/fonts.gstatic.com\/s\/e\/notoemoji\/16.0\/1f332\/32.png\"><img decoding=\"async\" alt=\"&#x1f6b6;\" src=\"https:\/\/fonts.gstatic.com\/s\/e\/notoemoji\/16.0\/1f6b6\/32.png\"><img decoding=\"async\" alt=\"&#x1f333;\" src=\"https:\/\/fonts.gstatic.com\/s\/e\/notoemoji\/16.0\/1f333\/32.png\"><img decoding=\"async\" alt=\"&#x1f6b6;&#x200d;&#x27a1;&#xfe0f;\" src=\"https:\/\/fonts.gstatic.com\/s\/e\/notoemoji\/16.0\/1f6b6_200d_27a1_fe0f\/32.png\"><img decoding=\"async\" alt=\"&#x1f332;\" src=\"https:\/\/fonts.gstatic.com\/s\/e\/notoemoji\/16.0\/1f332\/32.png\"><\/p>\n\n\n\n<p>Mit der Allgemeinverf\u00fcgung vom 7. Januar 2025 hat der Landesbetrieb Wald- und Holz NRW, nach dem Wolfschluchtweg nun drei weitere wundersch\u00f6ne Wanderwege auf der S\u00fcdseite des Wiehengebirges, im Bereich des Kaiser-Wilhelm-Denkmals, gesperrt&nbsp;<img decoding=\"async\" src=\"https:\/\/fonts.gstatic.com\/s\/e\/notoemoji\/16.0\/1f6d1\/32.png\" alt=\"&#x1f6d1;\"><img decoding=\"async\" src=\"https:\/\/fonts.gstatic.com\/s\/e\/notoemoji\/16.0\/1faf7\/32.png\" alt=\"&#x1faf7;\"><\/p>\n\n\n\n<p>Begr\u00fcndet wird das mit einem Wildnisentwicklungsgebiet, dessen Betreten auch wegen eventueller Baumsch\u00e4den m\u00f6glicherweise etwas kompliziert sein k\u00f6nne.<\/p>\n\n\n\n<p>Der Landesbetrieb widerspricht sich selbst und handelt somit seiner eigenen Aufforderung zuwider, denn:<\/p>\n\n\n\n<p>Auf der Homepage des Landesverbandes hei\u00dft es:<\/p>\n\n\n\n<ul class=\"wp-block-list\">\n<li>Wildnisentwicklungsgebiete sollen der \u00d6ffentlichkeit zug\u00e4nglich sein.<\/li>\n<\/ul>\n\n\n\n<p>Genau dieses wird von vielen Einheimischen gew\u00fcnscht, die diese wunderbaren, etwas abenteuerlich anmutenden Wege auch kommenden Generationen im Rahmen von Natur- und Umweltschutz erhalten wollen.<\/p>\n\n\n\n<p>Darum wollen wir diese Willk\u00fcrlichkeit stoppen und f\u00fcr die Naherholung und den Tourismus diese einzigartige Wanderlandschaft erhalten.<\/p>\n\n\n\n<p>Bitte unterst\u00fctzen Sie deshalb diese Petition!<\/p>\n\n\n\n<p>Umso mehr wir sind, umso lauter wird unsere Stimme hoffentlich beim Landesbetrieb Wald- und Holz NRW in D\u00fcsseldorf geh\u00f6rt.<\/p>\n\n\n\n<p class=\"has-text-align-center\"><strong>Link zur Petition:&nbsp;<a href=\"https:\/\/chng.it\/cmmVQvdm5p\" target=\"_blank\" rel=\"noreferrer noopener\">https:\/\/chng.it\/cmmVQvdm5p<\/a><\/strong><\/p>\n\n\n\n<figure class=\"wp-block-gallery has-nested-images columns-default is-cropped wp-block-gallery-1 is-layout-flex wp-block-gallery-is-layout-flex\">\n<figure class=\"wp-block-image size-large\"><a href=\"https:\/\/fdp-porta.de\/FDP\/wp-content\/uploads\/2025\/02\/Petition-Wanderwege-2-1.jpg\"><img loading=\"lazy\" decoding=\"async\" width=\"1024\" height=\"1024\" data-id=\"5074\" src=\"https:\/\/fdp-porta.de\/FDP\/wp-content\/uploads\/2025\/02\/Petition-Wanderwege-2-1-1024x1024.jpg\" alt=\"\" class=\"wp-image-5074\" srcset=\"https:\/\/fdp-porta.de\/FDP\/wp-content\/uploads\/2025\/02\/Petition-Wanderwege-2-1-1024x1024.jpg 1024w, https:\/\/fdp-porta.de\/FDP\/wp-content\/uploads\/2025\/02\/Petition-Wanderwege-2-1-300x300.jpg 300w, https:\/\/fdp-porta.de\/FDP\/wp-content\/uploads\/2025\/02\/Petition-Wanderwege-2-1-150x150.jpg 150w, https:\/\/fdp-porta.de\/FDP\/wp-content\/uploads\/2025\/02\/Petition-Wanderwege-2-1-768x768.jpg 768w, https:\/\/fdp-porta.de\/FDP\/wp-content\/uploads\/2025\/02\/Petition-Wanderwege-2-1.jpg 1080w\" sizes=\"auto, (max-width: 1024px) 100vw, 1024px\" \/><\/a><\/figure>\n\n\n\n<figure class=\"wp-block-image size-large\"><a href=\"https:\/\/fdp-porta.de\/FDP\/wp-content\/uploads\/2025\/02\/Petition-Wanderwege-21.jpg\"><img loading=\"lazy\" decoding=\"async\" width=\"1024\" height=\"1024\" data-id=\"5075\" src=\"https:\/\/fdp-porta.de\/FDP\/wp-content\/uploads\/2025\/02\/Petition-Wanderwege-21-1024x1024.jpg\" alt=\"\" class=\"wp-image-5075\" srcset=\"https:\/\/fdp-porta.de\/FDP\/wp-content\/uploads\/2025\/02\/Petition-Wanderwege-21-1024x1024.jpg 1024w, https:\/\/fdp-porta.de\/FDP\/wp-content\/uploads\/2025\/02\/Petition-Wanderwege-21-300x300.jpg 300w, https:\/\/fdp-porta.de\/FDP\/wp-content\/uploads\/2025\/02\/Petition-Wanderwege-21-150x150.jpg 150w, https:\/\/fdp-porta.de\/FDP\/wp-content\/uploads\/2025\/02\/Petition-Wanderwege-21-768x768.jpg 768w, https:\/\/fdp-porta.de\/FDP\/wp-content\/uploads\/2025\/02\/Petition-Wanderwege-21.jpg 1080w\" sizes=\"auto, (max-width: 1024px) 100vw, 1024px\" \/><\/a><\/figure>\n\n\n\n<figure class=\"wp-block-image size-large\"><a href=\"https:\/\/fdp-porta.de\/FDP\/wp-content\/uploads\/2025\/02\/Petition-Wanderwege-1.jpg\"><img loading=\"lazy\" decoding=\"async\" width=\"1024\" height=\"1024\" data-id=\"5076\" src=\"https:\/\/fdp-porta.de\/FDP\/wp-content\/uploads\/2025\/02\/Petition-Wanderwege-1-1024x1024.jpg\" alt=\"\" class=\"wp-image-5076\" srcset=\"https:\/\/fdp-porta.de\/FDP\/wp-content\/uploads\/2025\/02\/Petition-Wanderwege-1-1024x1024.jpg 1024w, https:\/\/fdp-porta.de\/FDP\/wp-content\/uploads\/2025\/02\/Petition-Wanderwege-1-300x300.jpg 300w, https:\/\/fdp-porta.de\/FDP\/wp-content\/uploads\/2025\/02\/Petition-Wanderwege-1-150x150.jpg 150w, https:\/\/fdp-porta.de\/FDP\/wp-content\/uploads\/2025\/02\/Petition-Wanderwege-1-768x768.jpg 768w, https:\/\/fdp-porta.de\/FDP\/wp-content\/uploads\/2025\/02\/Petition-Wanderwege-1.jpg 1080w\" sizes=\"auto, (max-width: 1024px) 100vw, 1024px\" \/><\/a><\/figure>\n\n\n\n<figure class=\"wp-block-image size-large\"><a href=\"https:\/\/fdp-porta.de\/FDP\/wp-content\/uploads\/2025\/02\/LbOnowkrGVHOtfq-800x450-noPad-1.jpg\"><img loading=\"lazy\" decoding=\"async\" width=\"800\" height=\"450\" data-id=\"5073\" src=\"https:\/\/fdp-porta.de\/FDP\/wp-content\/uploads\/2025\/02\/LbOnowkrGVHOtfq-800x450-noPad-1.jpg\" alt=\"\" class=\"wp-image-5073\" srcset=\"https:\/\/fdp-porta.de\/FDP\/wp-content\/uploads\/2025\/02\/LbOnowkrGVHOtfq-800x450-noPad-1.jpg 800w, https:\/\/fdp-porta.de\/FDP\/wp-content\/uploads\/2025\/02\/LbOnowkrGVHOtfq-800x450-noPad-1-300x169.jpg 300w, https:\/\/fdp-porta.de\/FDP\/wp-content\/uploads\/2025\/02\/LbOnowkrGVHOtfq-800x450-noPad-1-768x432.jpg 768w\" sizes=\"auto, (max-width: 800px) 100vw, 800px\" \/><\/a><\/figure>\n<\/figure>\n","protected":false},"excerpt":{"rendered":"<p>Auf Initiative des FDP Stadtverband Porta Westfalica und seiner Unterst\u00fctzer, wird folgende Petition ins Leben gerufen: Erhalten und sch\u00fctzen Sie mit uns gemeinsam die Wanderwege von Porta Westfalica&nbsp; Mit der Allgemeinverf\u00fcgung vom 7. Januar 2025 hat der Landesbetrieb Wald- und Holz NRW, nach dem Wolfschluchtweg nun drei weitere wundersch\u00f6ne Wanderwege auf der S\u00fcdseite des Wiehengebirges, [&hellip;]<\/p>\n","protected":false},"author":5,"featured_media":0,"parent":0,"menu_order":0,"comment_status":"closed","ping_status":"closed","template":"","meta":{"footnotes":""},"class_list":["post-5057","page","type-page","status-publish","hentry"],"featured_image_src":null,"_links":{"self":[{"href":"https:\/\/fdp-porta.de\/FDP\/wp-json\/wp\/v2\/pages\/5057","targetHints":{"allow":["GET"]}}],"collection":[{"href":"https:\/\/fdp-porta.de\/FDP\/wp-json\/wp\/v2\/pages"}],"about":[{"href":"https:\/\/fdp-porta.de\/FDP\/wp-json\/wp\/v2\/types\/page"}],"author":[{"embeddable":true,"href":"https:\/\/fdp-porta.de\/FDP\/wp-json\/wp\/v2\/users\/5"}],"replies":[{"embeddable":true,"href":"https:\/\/fdp-porta.de\/FDP\/wp-json\/wp\/v2\/comments?post=5057"}],"version-history":[{"count":9,"href":"https:\/\/fdp-porta.de\/FDP\/wp-json\/wp\/v2\/pages\/5057\/revisions"}],"predecessor-version":[{"id":5077,"href":"https:\/\/fdp-porta.de\/FDP\/wp-json\/wp\/v2\/pages\/5057\/revisions\/5077"}],"wp:attachment":[{"href":"https:\/\/fdp-porta.de\/FDP\/wp-json\/wp\/v2\/media?parent=5057"}],"curies":[{"name":"wp","href":"https:\/\/api.w.org\/{rel}","templated":true}]}}

<p>Auf Initiative des FDP Stadtverband Porta Westfalica und seiner Unterstützer, wird folgende Petition ins Leben gerufen:</p>



<p>Erhalten und schützen Sie mit uns gemeinsam die Wanderwege von Porta Westfalica&nbsp;<img decoding="async" alt="&#x1f332;" src="https://fonts.gstatic.com/s/e/notoemoji/16.0/1f332/32.png"><img decoding="async" alt="&#x1f6b6;" src="https://fonts.gstatic.com/s/e/notoemoji/16.0/1f6b6/32.png"><img decoding="async" alt="&#x1f333;" src="https://fonts.gstatic.com/s/e/notoemoji/16.0/1f333/32.png"><img decoding="async" alt="&#x1f6b6;&#x200d;&#x27a1;&#xfe0f;" src="https://fonts.gstatic.com/s/e/notoemoji/16.0/1f6b6_200d_27a1_fe0f/32.png"><img decoding="async" alt="&#x1f332;" src="https://fonts.gstatic.com/s/e/notoemoji/16.0/1f332/32.png"></p>



<p>Mit der Allgemeinverfügung vom 7. Januar 2025 hat der Landesbetrieb Wald- und Holz NRW, nach dem Wolfschluchtweg nun drei weitere wunderschöne Wanderwege auf der Südseite des Wiehengebirges, im Bereich des Kaiser-Wilhelm-Denkmals, gesperrt&nbsp;<img decoding="async" src="https://fonts.gstatic.com/s/e/notoemoji/16.0/1f6d1/32.png" alt="&#x1f6d1;"><img decoding="async" src="https://fonts.gstatic.com/s/e/notoemoji/16.0/1faf7/32.png" alt="&#x1faf7;"></p>



<p>Begründet wird das mit einem Wildnisentwicklungsgebiet, dessen Betreten auch wegen eventueller Baumschäden möglicherweise etwas kompliziert sein könne.</p>



<p>Der Landesbetrieb widerspricht sich selbst und handelt somit seiner eigenen Aufforderung zuwider, denn:</p>



<p>Auf der Homepage des Landesverbandes heißt es:</p>



<ul class="wp-block-list">
<li>Wildnisentwicklungsgebiete sollen der Öffentlichkeit zugänglich sein.</li>
</ul>



<p>Genau dieses wird von vielen Einheimischen gewünscht, die diese wunderbaren, etwas abenteuerlich anmutenden Wege auch kommenden Generationen im Rahmen von Natur- und Umweltschutz erhalten wollen.</p>



<p>Darum wollen wir diese Willkürlichkeit stoppen und für die Naherholung und den Tourismus diese einzigartige Wanderlandschaft erhalten.</p>



<p>Bitte unterstützen Sie deshalb diese Petition!</p>



<p>Umso mehr wir sind, umso lauter wird unsere Stimme hoffentlich beim Landesbetrieb Wald- und Holz NRW in Düsseldorf gehört.</p>



<p class="has-text-align-center"><strong>Link zur Petition:&nbsp;<a href="https://chng.it/cmmVQvdm5p" target="_blank" rel="noreferrer noopener">https://chng.it/cmmVQvdm5p</a></strong></p>



<figure class="wp-block-gallery has-nested-images columns-default is-cropped wp-block-gallery-1 is-layout-flex wp-block-gallery-is-layout-flex">
<figure class="wp-block-image size-large"><a href="https://fdp-porta.de/FDP/wp-content/uploads/2025/02/Petition-Wanderwege-2-1.jpg"><img loading="lazy" decoding="async" width="1024" height="1024" data-id="5074" src="https://fdp-porta.de/FDP/wp-content/uploads/2025/02/Petition-Wanderwege-2-1-1024x1024.jpg" alt="" class="wp-image-5074" srcset="https://fdp-porta.de/FDP/wp-content/uploads/2025/02/Petition-Wanderwege-2-1-1024x1024.jpg 1024w, https://fdp-porta.de/FDP/wp-content/uploads/2025/02/Petition-Wanderwege-2-1-300x300.jpg 300w, https://fdp-porta.de/FDP/wp-content/uploads/2025/02/Petition-Wanderwege-2-1-150x150.jpg 150w, https://fdp-porta.de/FDP/wp-content/uploads/2025/02/Petition-Wanderwege-2-1-768x768.jpg 768w, https://fdp-porta.de/FDP/wp-content/uploads/2025/02/Petition-Wanderwege-2-1.jpg 1080w" sizes="auto, (max-width: 1024px) 100vw, 1024px" /></a></figure>



<figure class="wp-block-image size-large"><a href="https://fdp-porta.de/FDP/wp-content/uploads/2025/02/Petition-Wanderwege-21.jpg"><img loading="lazy" decoding="async" width="1024" height="1024" data-id="5075" src="https://fdp-porta.de/FDP/wp-content/uploads/2025/02/Petition-Wanderwege-21-1024x1024.jpg" alt="" class="wp-image-5075" srcset="https://fdp-porta.de/FDP/wp-content/uploads/2025/02/Petition-Wanderwege-21-1024x1024.jpg 1024w, https://fdp-porta.de/FDP/wp-content/uploads/2025/02/Petition-Wanderwege-21-300x300.jpg 300w, https://fdp-porta.de/FDP/wp-content/uploads/2025/02/Petition-Wanderwege-21-150x150.jpg 150w, https://fdp-porta.de/FDP/wp-content/uploads/2025/02/Petition-Wanderwege-21-768x768.jpg 768w, https://fdp-porta.de/FDP/wp-content/uploads/2025/02/Petition-Wanderwege-21.jpg 1080w" sizes="auto, (max-width: 1024px) 100vw, 1024px" /></a></figure>



<figure class="wp-block-image size-large"><a href="https://fdp-porta.de/FDP/wp-content/uploads/2025/02/Petition-Wanderwege-1.jpg"><img loading="lazy" decoding="async" width="1024" height="1024" data-id="5076" src="https://fdp-porta.de/FDP/wp-content/uploads/2025/02/Petition-Wanderwege-1-1024x1024.jpg" alt="" class="wp-image-5076" srcset="https://fdp-porta.de/FDP/wp-content/uploads/2025/02/Petition-Wanderwege-1-1024x1024.jpg 1024w, https://fdp-porta.de/FDP/wp-content/uploads/2025/02/Petition-Wanderwege-1-300x300.jpg 300w, https://fdp-porta.de/FDP/wp-content/uploads/2025/02/Petition-Wanderwege-1-150x150.jpg 150w, https://fdp-porta.de/FDP/wp-content/uploads/2025/02/Petition-Wanderwege-1-768x768.jpg 768w, https://fdp-porta.de/FDP/wp-content/uploads/2025/02/Petition-Wanderwege-1.jpg 1080w" sizes="auto, (max-width: 1024px) 100vw, 1024px" /></a></figure>



<figure class="wp-block-image size-large"><a href="https://fdp-porta.de/FDP/wp-content/uploads/2025/02/LbOnowkrGVHOtfq-800x450-noPad-1.jpg"><img loading="lazy" decoding="async" width="800" height="450" data-id="5073" src="https://fdp-porta.de/FDP/wp-content/uploads/2025/02/LbOnowkrGVHOtfq-800x450-noPad-1.jpg" alt="" class="wp-image-5073" srcset="https://fdp-porta.de/FDP/wp-content/uploads/2025/02/LbOnowkrGVHOtfq-800x450-noPad-1.jpg 800w, https://fdp-porta.de/FDP/wp-content/uploads/2025/02/LbOnowkrGVHOtfq-800x450-noPad-1-300x169.jpg 300w, https://fdp-porta.de/FDP/wp-content/uploads/2025/02/LbOnowkrGVHOtfq-800x450-noPad-1-768x432.jpg 768w" sizes="auto, (max-width: 800px) 100vw, 800px" /></a></figure>
</figure>

<p>Auf Initiative des FDP Stadtverband Porta Westfalica und seiner Unterstützer, wird folgende Petition ins Leben gerufen: Erhalten und schützen Sie mit uns gemeinsam die Wanderwege von Porta Westfalica&nbsp; Mit der Allgemeinverfügung vom 7. Januar 2025 hat der Landesbetrieb Wald- und Holz NRW, nach dem Wolfschluchtweg nun drei weitere wunderschöne Wanderwege auf der Südseite des Wiehengebirges, [&hellip;]</p>
