{"id":45,"date":"2014-02-07T23:12:36","date_gmt":"2014-02-07T21:12:36","guid":{"rendered":"http:\/\/fdp-porta.de\/?page_id=45"},"modified":"2026-02-02T08:32:29","modified_gmt":"2026-02-02T07:32:29","slug":"die-fachausschussmitglieder","status":"publish","type":"page","link":"https:\/\/fdp-porta.de\/FDP\/die-fachausschussmitglieder\/","title":{"rendered":"Die Fachausschussmitglieder"},"content":{"rendered":"\n<p>Derzeit existieren folgende Fachaussch\u00fcsse:<\/p>\n\n\n\n<figure class=\"wp-block-table\"><table><tbody><tr><td><strong>Aussch\u00fcsse<\/strong><\/td><td class=\"has-text-align-center\" data-align=\"center\"><strong>Mitglied<\/strong><\/td><td class=\"has-text-align-center\" data-align=\"center\"><strong>Vertretung<\/strong><\/td><\/tr><tr><td>Haupt- und Finanzausschuss<\/td><td class=\"has-text-align-center\" data-align=\"center\"><a href=\"mailto:mueller-dieker@fdp-porta.de\" target=\"_blank\" rel=\"noreferrer noopener\">Cornelia M\u00fcller-Dieker<\/a><\/td><td class=\"has-text-align-center\" data-align=\"center\"><a href=\"mailto:neitmann@fdp-porta.de\" target=\"_blank\" rel=\"noreferrer noopener\">Dirk Neitmann<\/a><\/td><\/tr><tr><td>Ausschuss f\u00fcr Bildung, Soziales, Sport und Kultur<\/td><td class=\"has-text-align-center\" data-align=\"center\"><a href=\"mailto:liedtke@fdp-porta.de\" target=\"_blank\" rel=\"noreferrer noopener\">Oliver Liedtke<\/a><\/td><td class=\"has-text-align-center\" data-align=\"center\"><a href=\"mailto:kornhardt@fdp-porta.de\" target=\"_blank\" rel=\"noreferrer noopener\">Marc Kornhardt<\/a><\/td><\/tr><tr><td>Ausschuss f\u00fcr Planung, Umwelt- und Klimaschutz<\/td><td class=\"has-text-align-center\" data-align=\"center\"><a href=\"mailto:neitmann@fdp-porta.de\" target=\"_blank\" rel=\"noreferrer noopener\">Dirk Neitmann<\/a><\/td><td class=\"has-text-align-center\" data-align=\"center\"><a href=\"mailto:mueller-dieker@fdp-porta.de\" target=\"_blank\" rel=\"noreferrer noopener\">Cornelia M\u00fcller-Dieker<\/a><\/td><\/tr><tr><td>Ausschuss f\u00fcr Wirtschaftsf\u00f6rderung, Tourismus, Stadtmarketing und Digitalisierung<\/td><td class=\"has-text-align-center\" data-align=\"center\"><a href=\"mailto:kornhardt@fdp-porta.de\" target=\"_blank\" rel=\"noreferrer noopener\">Marc Kornhardt<\/a><\/td><td class=\"has-text-align-center\" data-align=\"center\"><a href=\"mailto:nehrmann@fdp-porta.de\" target=\"_blank\" rel=\"noreferrer noopener\">Alicia Nehrmann<\/a><\/td><\/tr><tr><td>Bauausschuss<\/td><td class=\"has-text-align-center\" data-align=\"center\"><a href=\"mailto:tebbe@fdp-porta.de\" target=\"_blank\" rel=\"noreferrer noopener\">Rolf Tebbe<\/a><\/td><td class=\"has-text-align-center\" data-align=\"center\"><a href=\"mailto:rohlfing@fdp-porta.de\" target=\"_blank\" rel=\"noreferrer noopener\">Lucas Rohlfing<\/a><\/td><\/tr><tr><td>Ausschuss f\u00fcr Feuerschutz und Rettungswesen<\/td><td class=\"has-text-align-center\" data-align=\"center\"><a href=\"mailto:fiedler@fdp-porta.de\" target=\"_blank\" rel=\"noreferrer noopener\">Christoph Fiedler<\/a><\/td><td class=\"has-text-align-center\" data-align=\"center\"><a href=\"mailto:hinz@fdp-porta.de\" target=\"_blank\" rel=\"noreferrer noopener\">Klaus-Dieter Hinz<\/a><\/td><\/tr><tr><td>Jugendhilfeausschuss<\/td><td class=\"has-text-align-center\" data-align=\"center\"><a href=\"mailto:zuther@fdp-porta.de\" target=\"_blank\" rel=\"noreferrer noopener\">Ralf Zuther<\/a><\/td><td class=\"has-text-align-center\" data-align=\"center\"><a href=\"mailto:rohlfing@fdp-porta.de\" target=\"_blank\" rel=\"noreferrer noopener\">Lucas Rohlfing<\/a><\/td><\/tr><tr><td>Rechnungspr\u00fcfungsausschuss<\/td><td class=\"has-text-align-center\" data-align=\"center\"><a href=\"mailto:mueller-dieker@fdp-porta.de\" target=\"_blank\" rel=\"noreferrer noopener\">Cornelia M\u00fcller-Dieker<\/a><\/td><td class=\"has-text-align-center\" data-align=\"center\"><a href=\"mailto:neitmann@fdp-porta.de\" target=\"_blank\" rel=\"noreferrer noopener\">Dirk Neitmann<\/a><\/td><\/tr><tr><td>Wahlpr\u00fcfungsausschuss<\/td><td class=\"has-text-align-center\" data-align=\"center\"><a href=\"mailto:reinhardt@fdp-porta.de\" target=\"_blank\" rel=\"noreferrer noopener\">Michael Reinhardt<\/a><\/td><td class=\"has-text-align-center\" data-align=\"center\"><a href=\"mailto:schmidt-martens@fdp-porta.de\" target=\"_blank\" rel=\"noreferrer noopener\">Paula Louise Schmidt-Martens<\/a><\/td><\/tr><\/tbody><\/table><\/figure>\n\n\n\n<p>Bei Fragen oder Anregungen k\u00f6nnen Sie sich gerne jederzeit an unsere Ausschussmitglieder oder alternativ an unsere&nbsp;<a title=\"Die Ratsmitglieder\" href=\"http:\/\/fdp-porta.de\/FDP\/?page_id=43\">Ratsmitglieder<\/a> wenden. Die FDP ist in allen Aussch\u00fcssen entsprechend f\u00fcr Sie vertreten.<\/p>\n\n\n\n<p>Durch Klick auf den jeweiligen Namen k\u00f6nnen Sie eine E-Mail an die jeweilige Person verfassen.<\/p>\n","protected":false},"excerpt":{"rendered":"<p>Derzeit existieren folgende Fachaussch\u00fcsse: Aussch\u00fcsse Mitglied Vertretung Haupt- und Finanzausschuss Cornelia M\u00fcller-Dieker Dirk Neitmann Ausschuss f\u00fcr Bildung, Soziales, Sport und Kultur Oliver Liedtke Marc Kornhardt Ausschuss f\u00fcr Planung, Umwelt- und Klimaschutz Dirk Neitmann Cornelia M\u00fcller-Dieker Ausschuss f\u00fcr Wirtschaftsf\u00f6rderung, Tourismus, Stadtmarketing und Digitalisierung Marc Kornhardt Alicia Nehrmann Bauausschuss Rolf Tebbe Lucas Rohlfing Ausschuss f\u00fcr Feuerschutz und [&hellip;]<\/p>\n","protected":false},"author":1,"featured_media":0,"parent":0,"menu_order":0,"comment_status":"closed","ping_status":"open","template":"","meta":{"footnotes":""},"class_list":["post-45","page","type-page","status-publish","hentry"],"featured_image_src":null,"_links":{"self":[{"href":"https:\/\/fdp-porta.de\/FDP\/wp-json\/wp\/v2\/pages\/45","targetHints":{"allow":["GET"]}}],"collection":[{"href":"https:\/\/fdp-porta.de\/FDP\/wp-json\/wp\/v2\/pages"}],"about":[{"href":"https:\/\/fdp-porta.de\/FDP\/wp-json\/wp\/v2\/types\/page"}],"author":[{"embeddable":true,"href":"https:\/\/fdp-porta.de\/FDP\/wp-json\/wp\/v2\/users\/1"}],"replies":[{"embeddable":true,"href":"https:\/\/fdp-porta.de\/FDP\/wp-json\/wp\/v2\/comments?post=45"}],"version-history":[{"count":13,"href":"https:\/\/fdp-porta.de\/FDP\/wp-json\/wp\/v2\/pages\/45\/revisions"}],"predecessor-version":[{"id":5561,"href":"https:\/\/fdp-porta.de\/FDP\/wp-json\/wp\/v2\/pages\/45\/revisions\/5561"}],"wp:attachment":[{"href":"https:\/\/fdp-porta.de\/FDP\/wp-json\/wp\/v2\/media?parent=45"}],"curies":[{"name":"wp","href":"https:\/\/api.w.org\/{rel}","templated":true}]}}