{"id":2788,"date":"2019-11-01T08:47:24","date_gmt":"2019-11-01T06:47:24","guid":{"rendered":"http:\/\/fdp-porta.de\/FDP\/?page_id=2788"},"modified":"2019-11-03T16:44:10","modified_gmt":"2019-11-03T14:44:10","slug":"schulwesen-bildung","status":"publish","type":"page","link":"https:\/\/fdp-porta.de\/FDP\/mitmachen-arena-zu-wahlprogramm-2020\/schulwesen-bildung\/","title":{"rendered":"Schulwesen &#038; Bildung"},"content":{"rendered":"<h3><a href=\"http:\/\/fdp-porta.de\/FDP\/wp-content\/uploads\/2019\/11\/Schule.png\"><img loading=\"lazy\" decoding=\"async\" class=\"aligncenter wp-image-2755\" src=\"http:\/\/fdp-porta.de\/FDP\/wp-content\/uploads\/2019\/11\/Schule-300x41.png\" alt=\"\" width=\"552\" height=\"75\" srcset=\"https:\/\/fdp-porta.de\/FDP\/wp-content\/uploads\/2019\/11\/Schule-300x41.png 300w, https:\/\/fdp-porta.de\/FDP\/wp-content\/uploads\/2019\/11\/Schule.png 618w\" sizes=\"auto, (max-width: 552px) 100vw, 552px\" \/><\/a><\/h3>\n<h3>Hier unsere derzeitige Formulierung f\u00fcr das Wahlprogramm<\/h3>\n<p><em>Wir setzen uns f\u00fcr Qualit\u00e4t und Vielfalt des Bildungsangebotes in Porta Westfalica ein. Zudem sehen wir unsere Aufgabe darin, unseren Kindern attraktive und ortsnahe Schulstandorte mit guter Ausstattung und guter Geb\u00e4udesubstanz zu erhalten und dort wo erforderlich neu zu schaffen. Darum haben wir auch das B\u00fcrgerbegehren zum Erhalt der Schulstandorte Veltheim und Kleinenbremen gern unterst\u00fctzt.<\/em><\/p>\n<p><em>Wir setzen uns daf\u00fcr ein, dass Bildung als B\u00fcrgerrecht jedem Menschen offen steht und Nachteile eines bildungsfernen Elternhauses ausgeglichen werden. Ziel unserer Politik ist es, die Bef\u00e4higung zu einem eigenverantwortlichen Leben zu f\u00f6rdern.<\/em><\/p>\n<p><em>Wir setzen auch auf den Fortbestand unserer erfolgreichen Realschule und unseres Gymnasiums.<\/em><\/p>\n<p><em>Das neue Bibliotheksgesetz der Landesregierung NRW erm\u00f6glicht \u00d6ffnungszeiten an Sonntagen. Insbesondere f\u00fcr Familien ergibt sich hier eine gute Gelegenheit, Kinder an Literatur und Nutzung neuer Medien sinnvoll heranzuf\u00fchren. Diese Chance sollte unsere Kommune nutzen und wir setzen uns daf\u00fcr ein, die Bibliothek auch sonntags zu \u00f6ffnen.<\/em><\/p>\n<p><em>Bei der Bek\u00e4mpfung des Fachkr\u00e4ftemangels kann auf kommunaler Ebene viel geleistet werden. Eltern, Schule und Betriebe k\u00f6nnen zusammenwirken, um junge Menschen f\u00fcr eine zukunftsorientierte Ausbildung und Jobs in der Region zu gewinnen.<\/em><\/p>\n<p><em>Neue Arbeitskr\u00e4ftepotenziale k\u00f6nnen durch bedarfsorientierte Weiterqualifizierung und durch bessere Vereinbarkeit von Beruf und Familie erschlossen werden. Dazu geh\u00f6rt eine moderne Ausstattung an Schulen und Kitas vor dem Hintergrund, digitale Medienkompetenz zu f\u00f6rdern.<\/em><\/p>\n<p><em>Wir m\u00f6chten weiterhin, dass in der Zukunft ausreichend Kita-Pl\u00e4tze zur Verf\u00fcgung stehen und die Geb\u00fchren daf\u00fcr gerecht erhoben werden. Zudem ist die Einhaltung der Betreuung nach dem vorgegebenen Betreuungsschl\u00fcssel zeitnah zu \u00fcberwachen.<\/em><\/p>\n<p>&nbsp;<\/p>\n<hr \/>\n<p><a href=\"http:\/\/fdp-porta.de\/FDP\/?page_id=2713\"><img loading=\"lazy\" decoding=\"async\" class=\"aligncenter size-medium wp-image-2770\" src=\"http:\/\/fdp-porta.de\/FDP\/wp-content\/uploads\/2019\/11\/zurueck-300x92.png\" alt=\"\" width=\"300\" height=\"92\" srcset=\"https:\/\/fdp-porta.de\/FDP\/wp-content\/uploads\/2019\/11\/zurueck-300x92.png 300w, https:\/\/fdp-porta.de\/FDP\/wp-content\/uploads\/2019\/11\/zurueck.png 546w\" sizes=\"auto, (max-width: 300px) 100vw, 300px\" \/><\/a><\/p>\n<hr \/>\n<h2>Jetzt sind Sie gefragt. Schreiben Sie Ihre Meinung und Ihre W\u00fcnsche in den Kommentar!<\/h2>\n<p>(die Angabe Ihres Names, Ihrer Mailadresse oder Website ist dabei optional)<\/p>\n","protected":false},"excerpt":{"rendered":"<p>Hier unsere derzeitige Formulierung f\u00fcr das Wahlprogramm Wir setzen uns f\u00fcr Qualit\u00e4t und Vielfalt des Bildungsangebotes in Porta Westfalica ein. Zudem sehen wir unsere Aufgabe darin, unseren Kindern attraktive und ortsnahe Schulstandorte mit guter Ausstattung und guter Geb\u00e4udesubstanz zu erhalten und dort wo erforderlich neu zu schaffen. Darum haben wir auch das B\u00fcrgerbegehren zum Erhalt [&hellip;]<\/p>\n","protected":false},"author":1,"featured_media":0,"parent":2713,"menu_order":0,"comment_status":"open","ping_status":"closed","template":"","meta":{"footnotes":""},"class_list":["post-2788","page","type-page","status-publish","hentry"],"featured_image_src":null,"_links":{"self":[{"href":"https:\/\/fdp-porta.de\/FDP\/wp-json\/wp\/v2\/pages\/2788","targetHints":{"allow":["GET"]}}],"collection":[{"href":"https:\/\/fdp-porta.de\/FDP\/wp-json\/wp\/v2\/pages"}],"about":[{"href":"https:\/\/fdp-porta.de\/FDP\/wp-json\/wp\/v2\/types\/page"}],"author":[{"embeddable":true,"href":"https:\/\/fdp-porta.de\/FDP\/wp-json\/wp\/v2\/users\/1"}],"replies":[{"embeddable":true,"href":"https:\/\/fdp-porta.de\/FDP\/wp-json\/wp\/v2\/comments?post=2788"}],"version-history":[{"count":0,"href":"https:\/\/fdp-porta.de\/FDP\/wp-json\/wp\/v2\/pages\/2788\/revisions"}],"up":[{"embeddable":true,"href":"https:\/\/fdp-porta.de\/FDP\/wp-json\/wp\/v2\/pages\/2713"}],"wp:attachment":[{"href":"https:\/\/fdp-porta.de\/FDP\/wp-json\/wp\/v2\/media?parent=2788"}],"curies":[{"name":"wp","href":"https:\/\/api.w.org\/{rel}","templated":true}]}}

<h3><a href="http://fdp-porta.de/FDP/wp-content/uploads/2019/11/Schule.png"><img loading="lazy" decoding="async" class="aligncenter wp-image-2755" src="http://fdp-porta.de/FDP/wp-content/uploads/2019/11/Schule-300x41.png" alt="" width="552" height="75" srcset="https://fdp-porta.de/FDP/wp-content/uploads/2019/11/Schule-300x41.png 300w, https://fdp-porta.de/FDP/wp-content/uploads/2019/11/Schule.png 618w" sizes="auto, (max-width: 552px) 100vw, 552px" /></a></h3>
<h3>Hier unsere derzeitige Formulierung für das Wahlprogramm</h3>
<p><em>Wir setzen uns für Qualität und Vielfalt des Bildungsangebotes in Porta Westfalica ein. Zudem sehen wir unsere Aufgabe darin, unseren Kindern attraktive und ortsnahe Schulstandorte mit guter Ausstattung und guter Gebäudesubstanz zu erhalten und dort wo erforderlich neu zu schaffen. Darum haben wir auch das Bürgerbegehren zum Erhalt der Schulstandorte Veltheim und Kleinenbremen gern unterstützt.</em></p>
<p><em>Wir setzen uns dafür ein, dass Bildung als Bürgerrecht jedem Menschen offen steht und Nachteile eines bildungsfernen Elternhauses ausgeglichen werden. Ziel unserer Politik ist es, die Befähigung zu einem eigenverantwortlichen Leben zu fördern.</em></p>
<p><em>Wir setzen auch auf den Fortbestand unserer erfolgreichen Realschule und unseres Gymnasiums.</em></p>
<p><em>Das neue Bibliotheksgesetz der Landesregierung NRW ermöglicht Öffnungszeiten an Sonntagen. Insbesondere für Familien ergibt sich hier eine gute Gelegenheit, Kinder an Literatur und Nutzung neuer Medien sinnvoll heranzuführen. Diese Chance sollte unsere Kommune nutzen und wir setzen uns dafür ein, die Bibliothek auch sonntags zu öffnen.</em></p>
<p><em>Bei der Bekämpfung des Fachkräftemangels kann auf kommunaler Ebene viel geleistet werden. Eltern, Schule und Betriebe können zusammenwirken, um junge Menschen für eine zukunftsorientierte Ausbildung und Jobs in der Region zu gewinnen.</em></p>
<p><em>Neue Arbeitskräftepotenziale können durch bedarfsorientierte Weiterqualifizierung und durch bessere Vereinbarkeit von Beruf und Familie erschlossen werden. Dazu gehört eine moderne Ausstattung an Schulen und Kitas vor dem Hintergrund, digitale Medienkompetenz zu fördern.</em></p>
<p><em>Wir möchten weiterhin, dass in der Zukunft ausreichend Kita-Plätze zur Verfügung stehen und die Gebühren dafür gerecht erhoben werden. Zudem ist die Einhaltung der Betreuung nach dem vorgegebenen Betreuungsschlüssel zeitnah zu überwachen.</em></p>
<p>&nbsp;</p>
<hr />
<p><a href="http://fdp-porta.de/FDP/?page_id=2713"><img loading="lazy" decoding="async" class="aligncenter size-medium wp-image-2770" src="http://fdp-porta.de/FDP/wp-content/uploads/2019/11/zurueck-300x92.png" alt="" width="300" height="92" srcset="https://fdp-porta.de/FDP/wp-content/uploads/2019/11/zurueck-300x92.png 300w, https://fdp-porta.de/FDP/wp-content/uploads/2019/11/zurueck.png 546w" sizes="auto, (max-width: 300px) 100vw, 300px" /></a></p>
<hr />
<h2>Jetzt sind Sie gefragt. Schreiben Sie Ihre Meinung und Ihre Wünsche in den Kommentar!</h2>
<p>(die Angabe Ihres Names, Ihrer Mailadresse oder Website ist dabei optional)</p>

<p>Hier unsere derzeitige Formulierung für das Wahlprogramm Wir setzen uns für Qualität und Vielfalt des Bildungsangebotes in Porta Westfalica ein. Zudem sehen wir unsere Aufgabe darin, unseren Kindern attraktive und ortsnahe Schulstandorte mit guter Ausstattung und guter Gebäudesubstanz zu erhalten und dort wo erforderlich neu zu schaffen. Darum haben wir auch das Bürgerbegehren zum Erhalt [&hellip;]</p>
