{"id":2784,"date":"2019-11-01T08:45:17","date_gmt":"2019-11-01T06:45:17","guid":{"rendered":"http:\/\/fdp-porta.de\/FDP\/?page_id=2784"},"modified":"2019-11-09T22:17:41","modified_gmt":"2019-11-09T20:17:41","slug":"wirtschaft-arbeit","status":"publish","type":"page","link":"https:\/\/fdp-porta.de\/FDP\/mitmachen-arena-zu-wahlprogramm-2020\/wirtschaft-arbeit\/","title":{"rendered":"Wirtschaft &#038; Arbeit"},"content":{"rendered":"<h3><a href=\"http:\/\/fdp-porta.de\/FDP\/wp-content\/uploads\/2019\/11\/Wirtschaft.png\"><img loading=\"lazy\" decoding=\"async\" class=\"aligncenter wp-image-2751\" src=\"http:\/\/fdp-porta.de\/FDP\/wp-content\/uploads\/2019\/11\/Wirtschaft-300x46.png\" alt=\"\" width=\"486\" height=\"75\" srcset=\"https:\/\/fdp-porta.de\/FDP\/wp-content\/uploads\/2019\/11\/Wirtschaft-300x46.png 300w, https:\/\/fdp-porta.de\/FDP\/wp-content\/uploads\/2019\/11\/Wirtschaft.png 544w\" sizes=\"auto, (max-width: 486px) 100vw, 486px\" \/><\/a><\/h3>\n<h3>Hier unsere derzeitige Formulierung f\u00fcr das Wahlprogramm<\/h3>\n<p><i>Eine optimierte und dynamische Wirtschaftsf\u00f6rderung ist f\u00fcr uns Grundlage\u00a0eines gut funktionierenden Wirtschaftsstandortes. Daf\u00fcr bedarf es einer\u00a0funktionsf\u00e4higen Infrastruktur innerhalb unseres Stadtgebietes. Porta\u00a0Westfalicas g\u00fcnstige Standortbedingungen sind f\u00fcr eine positive Weiterentwicklung\u00a0unserer Stadt Meilensteine.<\/i><\/p>\n<p><em>Allerdings darf es innerhalb unseres Stadtgebietes und im n\u00e4heren Umfeld\u00a0nicht zu so genannten \u201eVerkehrsinfarkten\u201c kommen, wie sie leider immer mehr festzustellen sind, besonders bei Unf\u00e4llen und hohem Verkehrsaufkommens\u00a0auf der Autobahn zwei und den Ausweichstrecken.<\/em><\/p>\n<p><em>Hier wollen wir in engem Zusammenwirken mit der Landesbeh\u00f6rde \u201eStra\u00dfen\u00a0NRW\u201c notwendige Ma\u00dfnahmen pr\u00fcfen und einleiten, um f\u00fcr einen reibungslos\u00a0flie\u00dfenden Verkehr, besonders von und zu den Gewerbegebieten, zu sorgen.<\/em><\/p>\n<p><em>Der Breitbandversorgungausbau ist Voraussetzung f\u00fcr zukunftsf\u00e4hige\u00a0Wirtschaftsstandorte und eine essenzielle Rahmenbedingung, damit\u00a0Unternehmen den Herausforderungen des digitalen Wandels gerecht werden\u00a0k\u00f6nnen. Wir m\u00fcssen deshalb den schnellen Anschluss der Betrieb und\u00a0Privathaushalte an ein leistungsf\u00e4higes und bezahlbares Internet vorantreiben.<\/em><\/p>\n<p><em>Uns ist bewusst, dass Wirtschaftsstandorte auch Konkurrenz haben. Porta\u00a0Westfalica besonders von Kommunen aus dem angrenzenden Niedersachsen.\u00a0Darum m\u00fcssen wir alles daran setzen, weitere Steuer- und\u00a0Geb\u00fchrenerh\u00f6hungen zu vermeiden.<\/em><\/p>\n<p><em>Die Mitarbeiter in den heimischen Betrieben sollen m\u00f6glichst ortsnah und\u00a0bezahlbar wohnen k\u00f6nnen und ein attraktives Umfeld haben. Deshalb setzenwir uns weiterhin auch daf\u00fcr ein, dass den so genannten \u201eweichen\u00a0Standortfaktoren\u201c gro\u00dfe Bedeutung beigemessen wird. Das sind\u00a0entsprechende Angebote von Bildungs- und Freizeiteinrichtungen,\u00a0Kindertagesst\u00e4tten, Kinderspielpl\u00e4tze und attraktive Sport- und\u00a0Kulturangebote.<\/em><\/p>\n<hr \/>\n<p><a href=\"http:\/\/fdp-porta.de\/FDP\/?page_id=2713\"><img loading=\"lazy\" decoding=\"async\" class=\"aligncenter size-medium wp-image-2770\" src=\"http:\/\/fdp-porta.de\/FDP\/wp-content\/uploads\/2019\/11\/zurueck-300x92.png\" alt=\"\" width=\"300\" height=\"92\" srcset=\"https:\/\/fdp-porta.de\/FDP\/wp-content\/uploads\/2019\/11\/zurueck-300x92.png 300w, https:\/\/fdp-porta.de\/FDP\/wp-content\/uploads\/2019\/11\/zurueck.png 546w\" sizes=\"auto, (max-width: 300px) 100vw, 300px\" \/><\/a><\/p>\n<hr \/>\n<h2>Jetzt sind Sie gefragt. Schreiben Sie Ihre Meinung und Ihre W\u00fcnsche in den Kommentar!<\/h2>\n<p>(die Angabe Ihres Names, Ihrer Mailadresse oder Website ist dabei optional)<\/p>\n","protected":false},"excerpt":{"rendered":"<p>Hier unsere derzeitige Formulierung f\u00fcr das Wahlprogramm Eine optimierte und dynamische Wirtschaftsf\u00f6rderung ist f\u00fcr uns Grundlage\u00a0eines gut funktionierenden Wirtschaftsstandortes. Daf\u00fcr bedarf es einer\u00a0funktionsf\u00e4higen Infrastruktur innerhalb unseres Stadtgebietes. Porta\u00a0Westfalicas g\u00fcnstige Standortbedingungen sind f\u00fcr eine positive Weiterentwicklung\u00a0unserer Stadt Meilensteine. Allerdings darf es innerhalb unseres Stadtgebietes und im n\u00e4heren Umfeld\u00a0nicht zu so genannten \u201eVerkehrsinfarkten\u201c kommen, wie sie leider [&hellip;]<\/p>\n","protected":false},"author":1,"featured_media":0,"parent":2713,"menu_order":0,"comment_status":"open","ping_status":"closed","template":"","meta":{"footnotes":""},"class_list":["post-2784","page","type-page","status-publish","hentry"],"featured_image_src":null,"_links":{"self":[{"href":"https:\/\/fdp-porta.de\/FDP\/wp-json\/wp\/v2\/pages\/2784","targetHints":{"allow":["GET"]}}],"collection":[{"href":"https:\/\/fdp-porta.de\/FDP\/wp-json\/wp\/v2\/pages"}],"about":[{"href":"https:\/\/fdp-porta.de\/FDP\/wp-json\/wp\/v2\/types\/page"}],"author":[{"embeddable":true,"href":"https:\/\/fdp-porta.de\/FDP\/wp-json\/wp\/v2\/users\/1"}],"replies":[{"embeddable":true,"href":"https:\/\/fdp-porta.de\/FDP\/wp-json\/wp\/v2\/comments?post=2784"}],"version-history":[{"count":0,"href":"https:\/\/fdp-porta.de\/FDP\/wp-json\/wp\/v2\/pages\/2784\/revisions"}],"up":[{"embeddable":true,"href":"https:\/\/fdp-porta.de\/FDP\/wp-json\/wp\/v2\/pages\/2713"}],"wp:attachment":[{"href":"https:\/\/fdp-porta.de\/FDP\/wp-json\/wp\/v2\/media?parent=2784"}],"curies":[{"name":"wp","href":"https:\/\/api.w.org\/{rel}","templated":true}]}}

<h3><a href="http://fdp-porta.de/FDP/wp-content/uploads/2019/11/Wirtschaft.png"><img loading="lazy" decoding="async" class="aligncenter wp-image-2751" src="http://fdp-porta.de/FDP/wp-content/uploads/2019/11/Wirtschaft-300x46.png" alt="" width="486" height="75" srcset="https://fdp-porta.de/FDP/wp-content/uploads/2019/11/Wirtschaft-300x46.png 300w, https://fdp-porta.de/FDP/wp-content/uploads/2019/11/Wirtschaft.png 544w" sizes="auto, (max-width: 486px) 100vw, 486px" /></a></h3>
<h3>Hier unsere derzeitige Formulierung für das Wahlprogramm</h3>
<p><i>Eine optimierte und dynamische Wirtschaftsförderung ist für uns Grundlage eines gut funktionierenden Wirtschaftsstandortes. Dafür bedarf es einer funktionsfähigen Infrastruktur innerhalb unseres Stadtgebietes. Porta Westfalicas günstige Standortbedingungen sind für eine positive Weiterentwicklung unserer Stadt Meilensteine.</i></p>
<p><em>Allerdings darf es innerhalb unseres Stadtgebietes und im näheren Umfeld nicht zu so genannten „Verkehrsinfarkten“ kommen, wie sie leider immer mehr festzustellen sind, besonders bei Unfällen und hohem Verkehrsaufkommens auf der Autobahn zwei und den Ausweichstrecken.</em></p>
<p><em>Hier wollen wir in engem Zusammenwirken mit der Landesbehörde „Straßen NRW“ notwendige Maßnahmen prüfen und einleiten, um für einen reibungslos fließenden Verkehr, besonders von und zu den Gewerbegebieten, zu sorgen.</em></p>
<p><em>Der Breitbandversorgungausbau ist Voraussetzung für zukunftsfähige Wirtschaftsstandorte und eine essenzielle Rahmenbedingung, damit Unternehmen den Herausforderungen des digitalen Wandels gerecht werden können. Wir müssen deshalb den schnellen Anschluss der Betrieb und Privathaushalte an ein leistungsfähiges und bezahlbares Internet vorantreiben.</em></p>
<p><em>Uns ist bewusst, dass Wirtschaftsstandorte auch Konkurrenz haben. Porta Westfalica besonders von Kommunen aus dem angrenzenden Niedersachsen. Darum müssen wir alles daran setzen, weitere Steuer- und Gebührenerhöhungen zu vermeiden.</em></p>
<p><em>Die Mitarbeiter in den heimischen Betrieben sollen möglichst ortsnah und bezahlbar wohnen können und ein attraktives Umfeld haben. Deshalb setzenwir uns weiterhin auch dafür ein, dass den so genannten „weichen Standortfaktoren“ große Bedeutung beigemessen wird. Das sind entsprechende Angebote von Bildungs- und Freizeiteinrichtungen, Kindertagesstätten, Kinderspielplätze und attraktive Sport- und Kulturangebote.</em></p>
<hr />
<p><a href="http://fdp-porta.de/FDP/?page_id=2713"><img loading="lazy" decoding="async" class="aligncenter size-medium wp-image-2770" src="http://fdp-porta.de/FDP/wp-content/uploads/2019/11/zurueck-300x92.png" alt="" width="300" height="92" srcset="https://fdp-porta.de/FDP/wp-content/uploads/2019/11/zurueck-300x92.png 300w, https://fdp-porta.de/FDP/wp-content/uploads/2019/11/zurueck.png 546w" sizes="auto, (max-width: 300px) 100vw, 300px" /></a></p>
<hr />
<h2>Jetzt sind Sie gefragt. Schreiben Sie Ihre Meinung und Ihre Wünsche in den Kommentar!</h2>
<p>(die Angabe Ihres Names, Ihrer Mailadresse oder Website ist dabei optional)</p>

<p>Hier unsere derzeitige Formulierung für das Wahlprogramm Eine optimierte und dynamische Wirtschaftsförderung ist für uns Grundlage eines gut funktionierenden Wirtschaftsstandortes. Dafür bedarf es einer funktionsfähigen Infrastruktur innerhalb unseres Stadtgebietes. Porta Westfalicas günstige Standortbedingungen sind für eine positive Weiterentwicklung unserer Stadt Meilensteine. Allerdings darf es innerhalb unseres Stadtgebietes und im näheren Umfeld nicht zu so genannten „Verkehrsinfarkten“ kommen, wie sie leider [&hellip;]</p>
