{"id":2782,"date":"2019-11-01T08:44:27","date_gmt":"2019-11-01T06:44:27","guid":{"rendered":"http:\/\/fdp-porta.de\/FDP\/?page_id=2782"},"modified":"2019-11-03T16:45:37","modified_gmt":"2019-11-03T14:45:37","slug":"digitalisierung","status":"publish","type":"page","link":"https:\/\/fdp-porta.de\/FDP\/mitmachen-arena-zu-wahlprogramm-2020\/digitalisierung\/","title":{"rendered":"Digitalisierung"},"content":{"rendered":"<h3><a href=\"http:\/\/fdp-porta.de\/FDP\/wp-content\/uploads\/2019\/11\/Digitalisierung.png\"><img loading=\"lazy\" decoding=\"async\" class=\"aligncenter wp-image-2750\" src=\"http:\/\/fdp-porta.de\/FDP\/wp-content\/uploads\/2019\/11\/Digitalisierung-300x59.png\" alt=\"\" width=\"379\" height=\"75\" srcset=\"https:\/\/fdp-porta.de\/FDP\/wp-content\/uploads\/2019\/11\/Digitalisierung-300x59.png 300w, https:\/\/fdp-porta.de\/FDP\/wp-content\/uploads\/2019\/11\/Digitalisierung.png 424w\" sizes=\"auto, (max-width: 379px) 100vw, 379px\" \/><\/a><\/h3>\n<h3>Hier unsere derzeitige Formulierung f\u00fcr das Wahlprogramm<\/h3>\n<p><em>Die beschleunigte Entwicklung von Wissen, Erkenntnis und Technologie f\u00fchrt zu einer immer schnelleren Etablierung neuer Technologien. Wir sehen das als Chance f\u00fcr die Menschen und wollen das notwendige politische Umfeld schaffen, damit moderne digitale Infrastrukturen ein effizientes Arbeiten der Verwaltung erm\u00f6glicht.<\/em><\/p>\n<p><em>Der einfache, sichere und rechtsverbindliche Zugang der B\u00fcrgerinnen und B\u00fcrger zu unserer kommunalen Verwaltung nach dem Vorbild des E-Gouvernements Gesetz des Bundes ist dabei das Ziel.<\/em><\/p>\n<p><em>Wir wollen, dass alle kommunalen Beh\u00f6rdenangelegenheiten, die rechtlich keine pers\u00f6nlichen Anwesenheiten erfordern, rund um die Uhr online beantragt und erledigt werden k\u00f6nnen.<\/em><\/p>\n<p><em>Die Verschlankung von Genehmigungsverfahren durch die Digitalisierung (z.B. Baugenehmigungen) f\u00fchrt letztlich zu einer Verschlankung des Verwaltungsapparates und tr\u00e4gt damit zur weiteren Gesundung des st\u00e4dtischen Haushaltes bei.<\/em><\/p>\n<p>&nbsp;<\/p>\n<hr \/>\n<p><a href=\"http:\/\/fdp-porta.de\/FDP\/?page_id=2713\"><img loading=\"lazy\" decoding=\"async\" class=\"aligncenter size-medium wp-image-2770\" src=\"http:\/\/fdp-porta.de\/FDP\/wp-content\/uploads\/2019\/11\/zurueck-300x92.png\" alt=\"\" width=\"300\" height=\"92\" srcset=\"https:\/\/fdp-porta.de\/FDP\/wp-content\/uploads\/2019\/11\/zurueck-300x92.png 300w, https:\/\/fdp-porta.de\/FDP\/wp-content\/uploads\/2019\/11\/zurueck.png 546w\" sizes=\"auto, (max-width: 300px) 100vw, 300px\" \/><\/a><\/p>\n<hr \/>\n<h2>Jetzt sind Sie gefragt. Schreiben Sie Ihre Meinung und Ihre W\u00fcnsche in den Kommentar!<\/h2>\n<p>(die Angabe Ihres Names, Ihrer Mailadresse oder Website ist dabei optional)<\/p>\n","protected":false},"excerpt":{"rendered":"<p>Hier unsere derzeitige Formulierung f\u00fcr das Wahlprogramm Die beschleunigte Entwicklung von Wissen, Erkenntnis und Technologie f\u00fchrt zu einer immer schnelleren Etablierung neuer Technologien. Wir sehen das als Chance f\u00fcr die Menschen und wollen das notwendige politische Umfeld schaffen, damit moderne digitale Infrastrukturen ein effizientes Arbeiten der Verwaltung erm\u00f6glicht. Der einfache, sichere und rechtsverbindliche Zugang der [&hellip;]<\/p>\n","protected":false},"author":1,"featured_media":0,"parent":2713,"menu_order":0,"comment_status":"open","ping_status":"closed","template":"","meta":{"footnotes":""},"class_list":["post-2782","page","type-page","status-publish","hentry"],"featured_image_src":null,"_links":{"self":[{"href":"https:\/\/fdp-porta.de\/FDP\/wp-json\/wp\/v2\/pages\/2782","targetHints":{"allow":["GET"]}}],"collection":[{"href":"https:\/\/fdp-porta.de\/FDP\/wp-json\/wp\/v2\/pages"}],"about":[{"href":"https:\/\/fdp-porta.de\/FDP\/wp-json\/wp\/v2\/types\/page"}],"author":[{"embeddable":true,"href":"https:\/\/fdp-porta.de\/FDP\/wp-json\/wp\/v2\/users\/1"}],"replies":[{"embeddable":true,"href":"https:\/\/fdp-porta.de\/FDP\/wp-json\/wp\/v2\/comments?post=2782"}],"version-history":[{"count":0,"href":"https:\/\/fdp-porta.de\/FDP\/wp-json\/wp\/v2\/pages\/2782\/revisions"}],"up":[{"embeddable":true,"href":"https:\/\/fdp-porta.de\/FDP\/wp-json\/wp\/v2\/pages\/2713"}],"wp:attachment":[{"href":"https:\/\/fdp-porta.de\/FDP\/wp-json\/wp\/v2\/media?parent=2782"}],"curies":[{"name":"wp","href":"https:\/\/api.w.org\/{rel}","templated":true}]}}

<h3><a href="http://fdp-porta.de/FDP/wp-content/uploads/2019/11/Digitalisierung.png"><img loading="lazy" decoding="async" class="aligncenter wp-image-2750" src="http://fdp-porta.de/FDP/wp-content/uploads/2019/11/Digitalisierung-300x59.png" alt="" width="379" height="75" srcset="https://fdp-porta.de/FDP/wp-content/uploads/2019/11/Digitalisierung-300x59.png 300w, https://fdp-porta.de/FDP/wp-content/uploads/2019/11/Digitalisierung.png 424w" sizes="auto, (max-width: 379px) 100vw, 379px" /></a></h3>
<h3>Hier unsere derzeitige Formulierung für das Wahlprogramm</h3>
<p><em>Die beschleunigte Entwicklung von Wissen, Erkenntnis und Technologie führt zu einer immer schnelleren Etablierung neuer Technologien. Wir sehen das als Chance für die Menschen und wollen das notwendige politische Umfeld schaffen, damit moderne digitale Infrastrukturen ein effizientes Arbeiten der Verwaltung ermöglicht.</em></p>
<p><em>Der einfache, sichere und rechtsverbindliche Zugang der Bürgerinnen und Bürger zu unserer kommunalen Verwaltung nach dem Vorbild des E-Gouvernements Gesetz des Bundes ist dabei das Ziel.</em></p>
<p><em>Wir wollen, dass alle kommunalen Behördenangelegenheiten, die rechtlich keine persönlichen Anwesenheiten erfordern, rund um die Uhr online beantragt und erledigt werden können.</em></p>
<p><em>Die Verschlankung von Genehmigungsverfahren durch die Digitalisierung (z.B. Baugenehmigungen) führt letztlich zu einer Verschlankung des Verwaltungsapparates und trägt damit zur weiteren Gesundung des städtischen Haushaltes bei.</em></p>
<p>&nbsp;</p>
<hr />
<p><a href="http://fdp-porta.de/FDP/?page_id=2713"><img loading="lazy" decoding="async" class="aligncenter size-medium wp-image-2770" src="http://fdp-porta.de/FDP/wp-content/uploads/2019/11/zurueck-300x92.png" alt="" width="300" height="92" srcset="https://fdp-porta.de/FDP/wp-content/uploads/2019/11/zurueck-300x92.png 300w, https://fdp-porta.de/FDP/wp-content/uploads/2019/11/zurueck.png 546w" sizes="auto, (max-width: 300px) 100vw, 300px" /></a></p>
<hr />
<h2>Jetzt sind Sie gefragt. Schreiben Sie Ihre Meinung und Ihre Wünsche in den Kommentar!</h2>
<p>(die Angabe Ihres Names, Ihrer Mailadresse oder Website ist dabei optional)</p>

<p>Hier unsere derzeitige Formulierung für das Wahlprogramm Die beschleunigte Entwicklung von Wissen, Erkenntnis und Technologie führt zu einer immer schnelleren Etablierung neuer Technologien. Wir sehen das als Chance für die Menschen und wollen das notwendige politische Umfeld schaffen, damit moderne digitale Infrastrukturen ein effizientes Arbeiten der Verwaltung ermöglicht. Der einfache, sichere und rechtsverbindliche Zugang der [&hellip;]</p>
