{"id":2776,"date":"2019-11-01T08:40:58","date_gmt":"2019-11-01T06:40:58","guid":{"rendered":"http:\/\/fdp-porta.de\/FDP\/?page_id=2776"},"modified":"2019-11-09T22:15:32","modified_gmt":"2019-11-09T20:15:32","slug":"verwaltung-2","status":"publish","type":"page","link":"https:\/\/fdp-porta.de\/FDP\/mitmachen-arena-zu-wahlprogramm-2020\/verwaltung-2\/","title":{"rendered":"Verwaltung"},"content":{"rendered":"<h3><a href=\"http:\/\/fdp-porta.de\/FDP\/wp-content\/uploads\/2019\/11\/Verwaltung.png\"><img loading=\"lazy\" decoding=\"async\" class=\"aligncenter wp-image-2749\" src=\"http:\/\/fdp-porta.de\/FDP\/wp-content\/uploads\/2019\/11\/Verwaltung-300x74.png\" alt=\"\" width=\"304\" height=\"75\" srcset=\"https:\/\/fdp-porta.de\/FDP\/wp-content\/uploads\/2019\/11\/Verwaltung-300x74.png 300w, https:\/\/fdp-porta.de\/FDP\/wp-content\/uploads\/2019\/11\/Verwaltung.png 340w\" sizes=\"auto, (max-width: 304px) 100vw, 304px\" \/><\/a><\/h3>\n<h3>Hier unsere derzeitige Formulierung f\u00fcr das Wahlprogramm<\/h3>\n<p><em>Wir wollen eine leistungsf\u00e4hige Verwaltung, die sich als Dienstleister des B\u00fcrgers versteht und ihre Aufgaben zielgerichtet, effektiv und damit kosteng\u00fcnstig l\u00f6st.<\/em><\/p>\n<p><em>Wir Freien Demokraten bef\u00fcrworten, dass Kommunen zur Erf\u00fcllung ihrer Aufgaben st\u00e4rker zusammenarbeiten. Interkommunale Zusammenarbeit, Aufgabenteilung und die gemeinsame Nutzung von Ressourcen sind der Schl\u00fcssel f\u00fcr kompetentes und kosteng\u00fcnstiges kommunales Verwaltungshandeln.<\/em><\/p>\n<p><em>Die \u00f6ffentliche Hand muss sich auf ihre zentralen Kernaufgaben konzentrieren. Wirtschaftliche Bet\u00e4tigungen und Beteiligungen, die nicht zwingend \u00f6ffentlichen Aufgaben dienen, sind aufzugeben. Deshalb sind alle wirtschaftlichen Bet\u00e4tigungen und Beteiligungen auf ihre Notwendigkeit hin zu \u00fcberpr\u00fcfen.\u00a0<\/em><\/p>\n<p><i>Wir Freien Demokraten fordern, auf allen Verwaltungsfeldern\u00a0vermehrte Zusammenarbeit mit benachbarten Kommunen zu Erledigung gemeinsamer Aufgaben (z.B. Feuerwehr \u2013 und Rettungswesen, Bauh\u00f6fe, allgemeine Verwaltungsaufgaben) zu suchen.<\/i><\/p>\n<p><em>Die Verschlankung von Genehmigungsverfahren f\u00fchrt letztlich zu einer Verschlankung des Verwaltungsapparates und tr\u00e4gt damit zur weiteren Gesundung des st\u00e4dtischen Haushaltes bei.<\/em><\/p>\n<p><em>Eine Verschlankung der Prozesse zwischen Politik und Verwaltung ist ebenso w\u00fcnschenswert (z.B. Aufl\u00f6sung der Bezirksaussch\u00fcsse) und tr\u00e4gt ebenso zu Ersparnissen bei den Verwaltungsaufwendungen bei.<\/em><\/p>\n<hr \/>\n<p><a href=\"http:\/\/fdp-porta.de\/FDP\/?page_id=2713\"><img loading=\"lazy\" decoding=\"async\" class=\"aligncenter size-medium wp-image-2770\" src=\"http:\/\/fdp-porta.de\/FDP\/wp-content\/uploads\/2019\/11\/zurueck-300x92.png\" alt=\"\" width=\"300\" height=\"92\" srcset=\"https:\/\/fdp-porta.de\/FDP\/wp-content\/uploads\/2019\/11\/zurueck-300x92.png 300w, https:\/\/fdp-porta.de\/FDP\/wp-content\/uploads\/2019\/11\/zurueck.png 546w\" sizes=\"auto, (max-width: 300px) 100vw, 300px\" \/><\/a><\/p>\n<hr \/>\n<h2>Jetzt sind Sie gefragt. Schreiben Sie Ihre Meinung und Ihre W\u00fcnsche in den Kommentar!<\/h2>\n<p>(die Angabe Ihres Names, Ihrer Mailadresse oder Website ist dabei optional)<\/p>\n","protected":false},"excerpt":{"rendered":"<p>Hier unsere derzeitige Formulierung f\u00fcr das Wahlprogramm Wir wollen eine leistungsf\u00e4hige Verwaltung, die sich als Dienstleister des B\u00fcrgers versteht und ihre Aufgaben zielgerichtet, effektiv und damit kosteng\u00fcnstig l\u00f6st. Wir Freien Demokraten bef\u00fcrworten, dass Kommunen zur Erf\u00fcllung ihrer Aufgaben st\u00e4rker zusammenarbeiten. Interkommunale Zusammenarbeit, Aufgabenteilung und die gemeinsame Nutzung von Ressourcen sind der Schl\u00fcssel f\u00fcr kompetentes und [&hellip;]<\/p>\n","protected":false},"author":1,"featured_media":0,"parent":2713,"menu_order":0,"comment_status":"open","ping_status":"closed","template":"","meta":{"footnotes":""},"class_list":["post-2776","page","type-page","status-publish","hentry"],"featured_image_src":null,"_links":{"self":[{"href":"https:\/\/fdp-porta.de\/FDP\/wp-json\/wp\/v2\/pages\/2776","targetHints":{"allow":["GET"]}}],"collection":[{"href":"https:\/\/fdp-porta.de\/FDP\/wp-json\/wp\/v2\/pages"}],"about":[{"href":"https:\/\/fdp-porta.de\/FDP\/wp-json\/wp\/v2\/types\/page"}],"author":[{"embeddable":true,"href":"https:\/\/fdp-porta.de\/FDP\/wp-json\/wp\/v2\/users\/1"}],"replies":[{"embeddable":true,"href":"https:\/\/fdp-porta.de\/FDP\/wp-json\/wp\/v2\/comments?post=2776"}],"version-history":[{"count":0,"href":"https:\/\/fdp-porta.de\/FDP\/wp-json\/wp\/v2\/pages\/2776\/revisions"}],"up":[{"embeddable":true,"href":"https:\/\/fdp-porta.de\/FDP\/wp-json\/wp\/v2\/pages\/2713"}],"wp:attachment":[{"href":"https:\/\/fdp-porta.de\/FDP\/wp-json\/wp\/v2\/media?parent=2776"}],"curies":[{"name":"wp","href":"https:\/\/api.w.org\/{rel}","templated":true}]}}