{"id":176,"date":"2014-02-08T08:47:20","date_gmt":"2014-02-08T06:47:20","guid":{"rendered":"http:\/\/fdp-porta.de\/FDP\/?page_id=176"},"modified":"2021-04-26T11:13:37","modified_gmt":"2021-04-26T09:13:37","slug":"spenden","status":"publish","type":"page","link":"https:\/\/fdp-porta.de\/FDP\/spenden\/","title":{"rendered":"Spenden"},"content":{"rendered":"<p style=\"text-align: left;\" align=\"center\">Wir freuen uns, dass Sie die Kommunalpolitische Arbeit der FDP Porta Westfalica unterst\u00fctzen m\u00f6chten.<\/p>\n<p style=\"text-align: left;\" align=\"center\">Sie k\u00f6nnen dies klassisch tun, indem Sie nachfolgendes Spendenformular ausdrucken und uns \u00fcbersenden:<\/p>\n<p style=\"text-align: left;\" align=\"center\"><a href=\"https:\/\/fdp-porta.de\/FDP\/wp-content\/uploads\/2021\/04\/Spende-Lastschrift.pdf\">Hier geht es zum Spendenformular<\/a><\/p>\n<p style=\"text-align: left;\" align=\"center\">Oder Sie k\u00f6nnen via PayPal jetzt auch Online Spenden:<\/p>\n<p style=\"text-align: left;\" align=\"center\"><a title=\"Spende via Paypal\" href=\"http:\/\/fdp-porta.de\/FDP\/?page_id=401\">Hier geht es zur PayPal Online Spende<\/a><\/p>\n<p style=\"text-align: left;\" align=\"center\">\n","protected":false},"excerpt":{"rendered":"<p>Wir freuen uns, dass Sie die Kommunalpolitische Arbeit der FDP Porta Westfalica unterst\u00fctzen m\u00f6chten. Sie k\u00f6nnen dies klassisch tun, indem Sie nachfolgendes Spendenformular ausdrucken und uns \u00fcbersenden: Hier geht es zum Spendenformular Oder Sie k\u00f6nnen via PayPal jetzt auch Online Spenden: Hier geht es zur PayPal Online Spende<\/p>\n","protected":false},"author":1,"featured_media":0,"parent":0,"menu_order":0,"comment_status":"closed","ping_status":"closed","template":"","meta":{"footnotes":""},"class_list":["post-176","page","type-page","status-publish","hentry"],"featured_image_src":null,"_links":{"self":[{"href":"https:\/\/fdp-porta.de\/FDP\/wp-json\/wp\/v2\/pages\/176","targetHints":{"allow":["GET"]}}],"collection":[{"href":"https:\/\/fdp-porta.de\/FDP\/wp-json\/wp\/v2\/pages"}],"about":[{"href":"https:\/\/fdp-porta.de\/FDP\/wp-json\/wp\/v2\/types\/page"}],"author":[{"embeddable":true,"href":"https:\/\/fdp-porta.de\/FDP\/wp-json\/wp\/v2\/users\/1"}],"replies":[{"embeddable":true,"href":"https:\/\/fdp-porta.de\/FDP\/wp-json\/wp\/v2\/comments?post=176"}],"version-history":[{"count":0,"href":"https:\/\/fdp-porta.de\/FDP\/wp-json\/wp\/v2\/pages\/176\/revisions"}],"wp:attachment":[{"href":"https:\/\/fdp-porta.de\/FDP\/wp-json\/wp\/v2\/media?parent=176"}],"curies":[{"name":"wp","href":"https:\/\/api.w.org\/{rel}","templated":true}]}}